 of 2334.
2, 3, 389
What are the prime factors of 3477?
3, 19, 61
List the prime factors of 4043.
13, 311
What are the prime factors of 20017?
37, 541
What are the prime factors of 7197?
3, 2399
List the prime factors of 1589.
7, 227
List the prime factors of 71748.
2, 3, 1993
List the prime factors of 5821.
5821
List the prime factors of 373.
373
List the prime factors of 47969.
47969
List the prime factors of 76946.
2, 79, 487
What are the prime factors of 164340?
2, 3, 5, 11, 83
What are the prime factors of 3529?
3529
List the prime factors of 56541.
3, 47, 401
List the prime factors of 47274.
2, 3, 7879
What are the prime factors of 14012?
2, 31, 113
What are the prime factors of 532?
2, 7, 19
List the prime factors of 192.
2, 3
List the prime factors of 2025.
3, 5
List the prime factors of 2664.
2, 3, 37
List the prime factors of 2013.
3, 11, 61
List the prime factors of 2229.
3, 743
What are the prime factors of 1392?
2, 3, 29
List the prime factors of 46336.
2, 181
What are the prime factors of 4585?
5, 7, 131
What are the prime factors of 604?
2, 151
What are the prime factors of 2129?
2129
What are the prime factors of 11471?
11471
List the prime factors of 2348.
2, 587
List the prime factors of 1243.
11, 113
List the prime factors of 35.
5, 7
What are the prime factors of 12918?
2, 3, 2153
What are the prime factors of 11841?
3, 3947
List the prime factors of 1399.
1399
What are the prime factors of 96?
2, 3
What are the prime factors of 1364?
2, 11, 31
What are the prime factors of 158893?
7, 22699
What are the prime factors of 1342?
2, 11, 61
What are the prime factors of 622?
2, 311
List the prime factors of 6341.
17, 373
What are the prime factors of 15425?
5, 617
List the prime factors of 14808.
2, 3, 617
What are the prime factors of 4974?
2, 3, 829
What are the prime factors of 1421?
7, 29
List the prime factors of 12123.
3, 449
List the prime factors of 80462.
2, 40231
What are the prime factors of 3858?
2, 3, 643
What are the prime factors of 127?
127
List the prime factors of 1067.
11, 97
What are the prime factors of 1260?
2, 3, 5, 7
List the prime factors of 96.
2, 3
List the prime factors of 716.
2, 179
What are the prime factors of 35573?
35573
List the prime factors of 80302.
2, 40151
List the prime factors of 32378.
2, 16189
What are the prime factors of 959?
7, 137
What are the prime factors of 45826?
2, 11, 2083
What are the prime factors of 495?
3, 5, 11
What are the prime factors of 64423?
23, 2801
List the prime factors of 5108.
2, 1277
What are the prime factors of 23875?
5, 191
List the prime factors of 1053.
3, 13
What are the prime factors of 1939?
7, 277
What are the prime factors of 2213?
2213
What are the prime factors of 8540?
2, 5, 7, 61
List the prime factors of 103383.
3, 7, 547
What are the prime factors of 10142?
2, 11, 461
List the prime factors of 943.
23, 41
What are the prime factors of 29121?
3, 17, 571
What are the prime factors of 794?
2, 397
List the prime factors of 2403.
3, 89
What are the prime factors of 2282?
2, 7, 163
What are the prime factors of 14096?
2, 881
What are the prime factors of 354?
2, 3, 59
What are the prime factors of 90154?
2, 45077
List the prime factors of 867.
3, 17
List the prime factors of 1051.
1051
List the prime factors of 3910.
2, 5, 17, 23
List the prime factors of 650.
2, 5, 13
What are the prime factors of 2067?
3, 13, 53
List the prime factors of 68486.
2, 11, 283
What are the prime factors of 31034?
2, 59, 263
What are the prime factors of 6118?
2, 7, 19, 23
List the prime factors of 11556.
2, 3, 107
What are the prime factors of 1783?
1783
List the prime factors of 8966.
2, 4483
What are the prime factors of 46334?
2, 23167
What are the prime factors of 1367?
1367
What are the prime factors of 3643?
3643
What are the prime factors of 15577?
37, 421
List the prime factors of 64690.
2, 5, 6469
What are the prime factors of 897?
3, 13, 23
List the prime factors of 19651.
43, 457
List the prime factors of 11924.
2, 11, 271
What are the prime factors of 1731?
3, 577
List the prime factors of 9318.
2, 3, 1553
What are the prime factors of 51725?
5, 2069
List the prime factors of 143.
11, 13
List the prime factors of 35642.
2, 71, 251
List the prime factors of 4031.
29, 139
List the prime factors of 1430.
2, 5, 11, 13
What are the prime factors of 23142?
2, 3, 7, 19, 29
What are the prime factors of 1158?
2, 3, 193
What are the prime factors of 7825?
5, 313
What are the prime factors of 13259?
13259
List the prime factors of 8850.
2, 3, 5, 59
List the prime factors of 8118.
2, 3, 11, 41
What are the prime factors of 6538?
2, 7, 467
List the prime factors of 2077.
31, 67
List the prime factors of 7015.
5, 23, 61
What are the prime factors of 795?
3, 5, 53
What are the prime factors of 5536?
2, 173
What are the prime factors of 4218?
2, 3, 19, 37
What are the prime factors of 1084?
2, 271
List the prime factors of 1271.
31, 41
List the prime factors of 2049.
3, 683
List the prime factors of 1302.
2, 3, 7, 31
List the prime factors of 39694.
2, 89, 223
List the prime factors of 5882.
2, 17, 173
What are the prime factors of 12534?
2, 3, 2089
What are the prime factors of 541?
541
What are the prime factors of 12177?
3, 11, 41
What are the prime factors of 34573?
7, 11, 449
What are the prime factors of 20207?
11, 167
List the prime factors of 1588.
2, 397
List the prime factors of 39106.
2, 19553
List the prime factors of 11798.
2, 17, 347
What are the prime factors of 9291?
3, 19, 163
List the prime factors of 818.
2, 409
What are the prime factors of 1169?
7, 167
What are the prime factors of 20936?
2, 2617
List the prime factors of 2330.
2, 5, 233
What are the prime factors of 2709?
3, 7, 43
What are the prime factors of 21595?
5, 7, 617
List the prime factors of 24566.
2, 71, 173
List the prime factors of 259.
7, 37
What are the prime factors of 32053?
7, 19, 241
List the prime factors of 11266.
2, 43, 131
What are the prime factors of 1190?
2, 5, 7, 17
List the prime factors of 932.
2, 233
What are the prime factors of 8287?
8287
List the prime factors of 4754.
2, 2377
What are the prime factors of 5710?
2, 5, 571
What are the prime factors of 1323?
3, 7
List the prime factors of 8680.
2, 5, 7, 31
What are the prime factors of 818?
2, 409
What are the prime factors of 59396?
2, 31, 479
What are the prime factors of 9206?
2, 4603
List the prime factors of 1871.
1871
List the prime factors of 18882.
2, 3, 1049
What are the prime factors of 753?
3, 251
What are the prime factors of 14612?
2, 13, 281
What are the prime factors of 626?
2, 313
What are the prime factors of 1520?
2, 5, 19
List the prime factors of 22757.
7, 3251
List the prime factors of 301.
7, 43
List the prime factors of 13633.
13633
What are the prime factors of 17670?
2, 3, 5, 19, 31
What are the prime factors of 859?
859
What are the prime factors of 82?
2, 41
What are the prime factors of 630?
2, 3, 5, 7
What are the prime factors of 4590?
2, 3, 5, 17
List the prime factors of 6380.
2, 5, 11, 29
What are the prime factors of 6061?
11, 19, 29
What are the prime factors of 302?
2, 151
What are the prime factors of 2814?
2, 3, 7, 67
What are the prime factors of 20409?
3, 6803
What are the prime factors of 300?
2, 3, 5
What are the prime factors of 13186?
2, 19, 347
What are the prime factors of 12063?
3, 4021
List the prime factors of 616.
2, 7, 11
List the prime factors of 430.
2, 5, 43
List the prime factors of 15308.
2, 43, 89
List the prime factors of 68.
2, 17
List the prime factors of 10385.
5, 31, 67
List the prime factors of 47059.
47059
List the prime factors of 7832.
2, 11, 89
What are the prime factors of 3834?
2, 3, 71
List the prime factors of 744.
2, 3, 31
List the prime factors of 6508.
2, 1627
What are the prime factors of 33073?
33073
What are the prime factors of 11802?
2, 3, 7, 281
List the prime factors of 6455.
5, 1291
List the prime factors of 5811.
3, 13, 149
What are the prime factors of 26917?
11, 2447
List the prime factors of 17127.
3, 11, 173
What are the prime factors of 1512?
2, 3, 7
What are the prime factors of 9279?
3, 1031
What are the prime factors of 14293?
14293
List the prime factors of 62056.
2, 7757
List the prime factors of 18819.
3, 17, 41
What are